 the prime factors of o?
2, 3
Let b(i) = -i**2 + 7*i - 1. Let k be b(6). Suppose 0 = k*s - 2*s. Suppose s*r + 3*r = 48. List the prime factors of r.
2
Suppose -5*w + 620 = 5*n, n + 5 = -0*n. What are the prime factors of w?
3, 43
Let i(h) = -1 + h**2 + 4*h**3 - 9*h**3 - 9*h**3 - h. Suppose -3*b - 7 + 4 = 0. List the prime factors of i(b).
3, 5
Suppose 81 - 245 = -2*n. Suppose 0 = a - 2 - 1, 2*a - n = -4*g. List the prime factors of g.
19
Suppose 4*w + 2 = 2*h - 2, -3*h - 14 = 4*w. Let s be ((-72)/(-15))/(w/(-10)). Let x = s - 14. What are the prime factors of x?
2, 5
Let u be (-10 - -4)/((-2)/(-18)). Let l be (-12)/u + 178/9. Suppose 4*j - 38 = 2*n, j - l - 12 = -4*n. List the prime factors of j.
2, 3
Let m(u) = -u**2 - 6*u + 4. Suppose 4 = 4*k - 4. Let d = k - 8. List the prime factors of m(d).
2
Suppose 2*y - 2 = 3*g - 12, 0 = 4*y - 4. Let w(c) = -7*c + 0*c - 3 + g. List the prime factors of w(-2).
3, 5
Let i = -41 + 95. List the prime factors of i.
2, 3
Suppose -3*q + 8*q - 25 = 0. Suppose -36 = j - 2*j - q*v, 3*v - 26 = -j. What are the prime factors of j?
11
Suppose -r = -l + 1, -3*r + 22 - 7 = 3*l. Suppose r*u = -7 + 23. What are the prime factors of u?
2
Suppose 6*s = s + 230. What are the prime factors of s?
2, 23
Let x(a) = a**2 + 5*a - 5. Let n be x(6). Suppose 4*m = 3*r + 22, 4*r + n = -0*r - m. What are the prime factors of ((-77)/r)/(1/2)?
11
Let m(g) = 9*g**2 - 3*g - 2. Let p be m(-2). Let i = -12 + p. What are the prime factors of i?
2, 7
Let t(n) = -n**3 - 6*n**2 - n - 4. Let v be t(-6). Suppose -5*r - 35 = -2*l - 167, -v*l + 102 = 4*r. List the prime factors of r.
2, 13
Let s(p) = p**3 + 4*p**2 - p + 1. Let y be s(-4). Suppose 5*x + 45 = d, -3*d - 57 = -y*d - x. Suppose -2*a = a - d. List the prime factors of a.
2, 5
Let q(z) be the third derivative of z**5/60 + 5*z**4/24 + z**3/3 + z**2. Let r be q(-8). Let c = r - 15. What are the prime factors of c?
11
What are the prime factors of 102*(-6)/(-8)*(-4)/(-3)?
2, 3, 17
Suppose -3*b = 5*m - m - 31, m = -5. Suppose 0*f - 3*f + 51 = 3*r, f - b = 5*r. What are the prime factors of f?
17
Suppose 4*w = -d + 750, d = -3 + 1. What are the prime factors of w?
2, 47
List the prime factors of (-2 - -2)/4 + 46.
2, 23
Let i(q) = 68*q**2 - q + 4. List the prime factors of i(2).
2, 137
Let y(h) = h - 24 + 2*h - 2*h + 3*h. What are the prime factors of y(17)?
2, 11
Suppose -j + 4 = 2*k, -5*j = -2*k - 1 - 7. Suppose -f - j*s - 9 = s, 2*s = -4*f - 6. Suppose f = 3*l - 19 - 8. What are the prime factors of l?
3
Let w(f) = -f**2 + 4*f - 1. Let p be w(3). Suppose -3*i - a - p = 4*a, -a = -i - 14. Let s = i - -13. List the prime factors of s.
2
Let f(d) = d**2 - 13*d + 28. List the prime factors of f(12).
2
Suppose -12 = -3*j, -4*o - 2*j = -0*j - 12. Let y(c) = -4*c + 1. Let d be y(o). Let s = 4 - d. What are the prime factors of s?
7
Let z(u) = -u**2 + 5*u + 6. Let w be z(6). Let v = -2 + 4. Suppose w*l = v*l - 18. List the prime factors of l.
3
Let g = 61 + -32. What are the prime factors of g?
29
Suppose 0*a = -4*a + 420. List the prime factors of a.
3, 5, 7
Let a(v) = -1 - 8 - 2*v + 2. Suppose 0*k + 27 = -3*k. What are the prime factors of a(k)?
11
Suppose 0 = -3*j - 2 + 5. Let b = j - -1. List the prime factors of b/(-6)*-3 - -2.
3
Let q(w) = -w**3 + 5*w**2 - 3*w - 2. Suppose -4*h + 3*h = -3. What are the prime factors of q(h)?
7
Let g(f) = 6*f**2 - 1. Let o be g(-2). Suppose 0 = -5*c - q + 83 - o, 3*c = 3*q + 54. What are the prime factors of c?
13
Suppose -189 - 96 = -5*a. Suppose 23 + a = 5*w. List the prime factors of w.
2
Suppose k = -4, 2*k = 4*h + k - 236. What are the prime factors of h?
2, 29
Let d(n) = 3*n + 1 - 5*n + 10*n**2 + 3*n. What are the prime factors of d(-1)?
2, 5
Let c = -3 - -61. List the prime factors of c.
2, 29
Suppose -56*q - 1260 = -63*q. What are the prime factors of q?
2, 3, 5
Let o = 161 + 47. What are the prime factors of o?
2, 13
Let g(r) = -r**2 + 2*r + 2. Let a = 4 - -1. Let k be g(a). Let v = k - -21. List the prime factors of v.
2
Let q = 80 + -35. What are the prime factors of q?
3, 5
Suppose 74 - 26 = 2*b. What are the prime factors of b?
2, 3
Let s be 76/18 - 6/27. Suppose 2*m - 5*m + s*q + 8 = 0, 3*m + 3*q = -27. Let z = m + 6. List the prime factors of z.
2
Let r = -48 + 118. List the prime factors of r.
2, 5, 7
Let r = 8 + -6. List the prime factors of 4/4 - (-11 - r).
2, 7
Suppose 12*n = 13*n - 2. What are the prime factors of n?
2
Suppose -192 = -5*y - y. What are the prime factors of y?
2
Let w = 3 + -11. Suppose -p + 8 = -4*q, -q + 4*p + 2 = -2*q. Let s = q - w. What are the prime factors of s?
2, 3
Let k(l) = -l**3 - 7*l**2 + 6*l + 4. Let f(n) = -4*n**3 - 21*n**2 + 18*n + 12. Let q(o) = 2*f(o) - 7*k(o). List the prime factors of q(5).
2
Let r be (-146)/(-10) + (-6)/(-15). Suppose 135 = -2*d + 2*i + r, -8 = 2*i. List the prime factors of d/40*(-50)/4.
2, 5
Suppose 3*t = -0*r + r + 17, 3*t - 4*r - 32 = 0. What are the prime factors of 1/(t*(-1)/(-104))?
2, 13
Suppose 3*f = 7*f - 12. Suppose -f*i = -c - 2 + 21, 15 = 5*c + 5*i. List the prime factors of c.
7
Let r be (-38)/(-14) + (-4)/(-14). Let j be 2/(-1)*(-70)/20. Suppose -r*b + j = 1. What are the prime factors of b?
2
Suppose -5*c - j = -162, 0 = 5*c + 4*j - 223 + 70. List the prime factors of c.
3, 11
Suppose -3*i + 12 = -0*i. Suppose 2*p + 5*z - 13 = -i, 7 = 4*p - z. List the prime factors of (72/6)/(3/p).
2
Let n(l) = -l + 1. Let p be n(1). Let q(v) = v + 9. Let a be q(p). Let f = 19 - a. List the prime factors of f.
2, 5
Suppose 0*l - 16 = -4*l. What are the prime factors of l?
2
Let r(x) = x**3 - 3*x**2 + 2*x - 3. Let m be r(3). Suppose 0 = -y - m*y + 12. What are the prime factors of y?
3
Let m(h) = 3*h + 40 - 27 - h**3 + 8*h**2 - 23. Let a = 2 - -6. What are the prime factors of m(a)?
2, 7
Suppose -4*v + 0 = -32. Suppose 0 = 5*s - 0*c - c - v, 6 = 4*s - c. List the prime factors of s.
2
Suppose b - 2*b = -49. List the prime factors of b.
7
Let a be 41/4 - (-2)/(-8). Let i = 1 + a. List the prime factors of i.
11
Suppose -o = -0*o - 9. Let f = o + -27. List the prime factors of (-2 + f/(-2))/1.
7
Suppose p = -5 + 7. Suppose 5 + 1 = p*i. Suppose 36 = 3*j - i. List the prime factors of j.
13
Let x(h) = -3*h - 7. Let q be x(-8). Suppose -s - q = -3*z, z - 3 = -0*z - s. Suppose z*u - 29 = 11. List the prime factors of u.
2
Suppose -3*d + 2*d - 13 = 0. Let x = 0 - d. List the prime factors of x.
13
Suppose -33 - 13 = -2*a - 2*r, 3*r + 57 = 3*a. Suppose 5*f = -h + 9, 3*h = -2*h - f + a. List the prime factors of h.
2
Let v be (2/(-3))/(4/(-114)). Suppose -3*m = -3*d - 21, -8*d + 3*d = 4*m - v. Suppose -2*l + m*l = 32. List the prime factors of l.
2
Let t be ((-9)/(-6) - 1)*6. Suppose -2*w - t*p + 4*p + 31 = 0, 2*p = 3*w - 49. What are the prime factors of w?
13
Let j = -50 - -100. Suppose -j = r + r. Let f = r + 39. What are the prime factors of f?
2, 7
Suppose 3*f + 3 = -3*d - 3, 3*d = f + 2. Let y be (0 - -1) + f - -1. Let z = y + 4. What are the prime factors of z?
2
Let b(x) = -19*x**3 - x**2 + 1. What are the prime factors of b(-1)?
19
Let a(z) = 9*z**2 + 4*z + 10. What are the prime factors of a(-3)?
79
Let s be ((-126)/(-12))/((-3)/(-4)). Suppose -8 - s = -2*c. List the prime factors of c.
11
Suppose -48 - 111 = -3*s - 4*o, -3*o = -2*s + 123. Suppose 0 = 3*b - s - 15. What are the prime factors of b?
2, 3
Let k(u) = 4*u**2 + 13*u - 29. What are the prime factors of k(7)?
2, 3, 43
Let j(r) = r**3 - 4*r**2 + 6*r - 1. What are the prime factors of j(4)?
23
Let b(f) = -f**3 - 4*f**2 + 2*f - 1. What are the prime factors of b(-5)?
2, 7
Suppose 5*l = -4*u + 13, -l + 22 = u - 6*l. Suppose u + 5 = 4*a. Suppose 7 = k + a. What are the prime factors of k?
2
Let q be 7*(60/21 - 2). Suppose -q = 3*i - 27. Suppose i - 23 = -2*w. What are the prime factors of w?
2
Suppose 4*s + 6 = -2*a - 6, -5*a - 5*s - 5 = 0. Let q(u) = 3*u + 5. What are the prime factors of q(a)?
17
What are the prime factors of (336 - 14)*(2 + 6/(-4))?
7, 23
Suppose -4*a = -3*w - 2*w - 120, 0 = a + 3*w - 30. Let n = 8 - a. Let z = n - -31. List the prime factors of z.
3
Let r be (1/1 - -2) + 0. Suppose -r*h + 33 = -0. List the prime factors of h.
11
Let d(r) = -4*r + 5. Let k(q) = -6*q + 8. Let g(l) = 8*d(l) - 5*k(l). What are 